ighest common factor of 241534916 and 3284?
3284
What is the highest common factor of 8592 and 8760?
24
What is the highest common divisor of 92322 and 295596?
414
What is the highest common divisor of 980260 and 1265?
115
What is the greatest common divisor of 738 and 40699634?
82
Calculate the highest common divisor of 692032 and 3564.
44
Calculate the highest common divisor of 1 and 10968131.
1
What is the highest common factor of 119 and 7019?
1
What is the highest common factor of 4149411 and 50799?
1239
What is the highest common divisor of 9322286 and 1158?
386
What is the greatest common factor of 54450 and 1648746?
2178
What is the greatest common factor of 1043882 and 2032058?
2422
Calculate the greatest common factor of 17593 and 7224939.
241
Calculate the greatest common factor of 65928 and 22692967.
2747
What is the greatest common factor of 279 and 244445571?
279
Calculate the highest common factor of 32993059 and 11.
11
What is the highest common factor of 3799358 and 1825?
73
What is the greatest common divisor of 725999 and 2?
1
What is the greatest common divisor of 3864980 and 31540?
380
What is the highest common divisor of 8610 and 2275992?
246
What is the greatest common factor of 66540280 and 40?
40
Calculate the highest common factor of 340295311 and 2111.
2111
What is the highest common divisor of 9344 and 2619824?
1168
What is the highest common divisor of 8732 and 41512?
4
Calculate the highest common divisor of 2291147 and 944.
59
What is the highest common divisor of 857558516 and 8?
4
Calculate the highest common divisor of 6230380 and 94306.
1546
Calculate the highest common divisor of 12 and 36992412.
12
Calculate the highest common factor of 19750 and 802798.
158
What is the greatest common factor of 78 and 22324120?
26
What is the greatest common factor of 16926469 and 126?
7
What is the greatest common divisor of 584142 and 650?
26
What is the highest common divisor of 323172 and 15651?
423
What is the highest common divisor of 193990323 and 57?
57
Calculate the highest common factor of 7396345 and 44.
11
What is the greatest common divisor of 151993453 and 10653?
3551
What is the greatest common factor of 1506835 and 300?
5
Calculate the highest common divisor of 296 and 11456902.
74
Calculate the greatest common divisor of 1210 and 149270.
110
What is the greatest common factor of 10070554 and 338?
26
Calculate the greatest common factor of 6816311 and 93.
31
Calculate the greatest common factor of 28132 and 6487.
13
What is the greatest common divisor of 1126358 and 1178?
38
What is the highest common divisor of 3168 and 908479?
11
Calculate the highest common factor of 191619 and 2595105.
1269
What is the highest common factor of 80 and 43695565?
5
What is the highest common divisor of 44960 and 1128981568?
8992
What is the highest common divisor of 175203 and 6309471?
2163
Calculate the highest common factor of 2248719 and 1761177.
2739
What is the greatest common divisor of 896 and 262985408?
448
What is the highest common divisor of 192419 and 1402777?
607
What is the greatest common factor of 9161670 and 1050?
210
Calculate the greatest common factor of 12 and 375373074.
6
Calculate the greatest common divisor of 48 and 20479056.
48
Calculate the greatest common divisor of 650839 and 1097957.
763
Calculate the greatest common factor of 7800 and 504227100.
3900
Calculate the highest common factor of 172140 and 39140.
380
What is the greatest common divisor of 3614 and 731298321?
1807
What is the greatest common divisor of 446308 and 16?
4
Calculate the greatest common divisor of 7680895 and 49895.
2935
Calculate the highest common divisor of 4161626 and 15841.
217
What is the greatest common divisor of 13449 and 34452?
3
Calculate the greatest common factor of 348 and 34218724.
116
What is the greatest common divisor of 96024525 and 1175?
1175
Calculate the greatest common factor of 21552360 and 240.
120
Calculate the greatest common factor of 12829952 and 79672.
184
Calculate the highest common factor of 20742480 and 12416.
1552
What is the highest common factor of 729315 and 2925?
45
What is the greatest common divisor of 139292 and 45952?
1436
What is the highest common factor of 827480 and 131520?
5480
What is the greatest common factor of 793073874 and 318?
318
Calculate the greatest common divisor of 126956 and 29308.
68
What is the highest common factor of 2304 and 1501855488?
2304
Calculate the greatest common factor of 2624 and 406884.
164
Calculate the greatest common divisor of 12442431 and 23568.
1473
Calculate the highest common factor of 4488 and 126327.
51
Calculate the highest common factor of 419286 and 43014.
402
Calculate the greatest common divisor of 28590 and 13665.
15
Calculate the highest common divisor of 1974 and 5081781.
141
What is the greatest common factor of 37332316 and 686?
98
Calculate the greatest common divisor of 26020390 and 550.
110
What is the greatest common factor of 18 and 3038646?
6
What is the greatest common divisor of 2774436 and 11403?
21
What is the highest common divisor of 338872 and 480?
8
Calculate the highest common factor of 16552 and 1665545.
2069
Calculate the greatest common factor of 2368865 and 93670.
2465
What is the highest common factor of 192600972 and 243?
9
What is the greatest common divisor of 19612 and 2560?
4
What is the greatest common divisor of 187 and 1339090?
17
Calculate the highest common factor of 290714 and 405302.
2122
Calculate the greatest common factor of 1944 and 4884.
12
What is the highest common factor of 545368694 and 52?
26
Calculate the highest common divisor of 22154 and 1965854.
418
What is the greatest common divisor of 1818 and 12870531?
909
Calculate the greatest common divisor of 3386 and 17284.
2
Calculate the highest common divisor of 16827 and 39746652.
213
What is the highest common divisor of 22685 and 48265?
5
What is the greatest common factor of 8845 and 160805?
145
Calculate the greatest common factor of 16605 and 175234410.
1845
What is the highest common divisor of 3263040 and 2592?
288
What is the greatest common divisor of 8923642 and 364?
182
Calculate the highest common divisor of 20551960 and 95.
5
What is the highest common factor of 69690 and 7856790?
3030
What is the highest common factor of 739600 and 520?
40
What is the greatest common divisor of 476 and 10803908?
68
Calculate the highest common divisor of 1668 and 197292.
12
Calculate the greatest common factor of 3929688 and 509517.
3051
What is the greatest common divisor of 219994259 and 1583?
1583
Calculate the highest common factor of 18210060 and 140.
20
Calculate the highest common factor of 66 and 18106176.
66
Calculate the greatest common factor of 111930 and 974715.
105
What is the greatest common divisor of 2120 and 8719030?
530
What is the highest common factor of 224 and 2384634?
14
Calculate the highest common factor of 207 and 7978923.
9
What is the highest common factor of 969199070 and 10948?
5474
What is the greatest common factor of 12545396 and 138?
46
Calculate the highest common factor of 817 and 16192381.
43
What is the greatest common divisor of 336 and 10586436?
84
What is the highest common divisor of 1489768 and 1110?
74
Calculate the greatest common divisor of 5324 and 37438808.
44
What is the greatest common factor of 39236 and 10037492?
2308
Calculate the greatest common factor of 67270 and 38850.
70
Calculate the greatest common divisor of 30825829 and 67.
67
What is the greatest common divisor of 7055 and 4426390?
415
Calculate the highest common factor of 860056 and 544.
8
What is the highest common divisor of 3053 and 40896?
71
Calculate the highest common factor of 32304808 and 10643.
367
Calculate the highest common divisor of 467195981 and 21.
7
What is the greatest common factor of 1168 and 4745073?
73
Calculate the highest common divisor of 17820 and 19374795.
4455
What is the highest common divisor of 142 and 2955495913?
71
Calculate the greatest common factor of 264361 and 62959.
167
What is the greatest common factor of 119072410 and 19640?
4910
Calculate the highest common divisor of 5760 and 25359660.
180
Calculate the highest common factor of 96334 and 637.
49
What is the greatest common